) = -l**2 + 15*l - 22. Calculate p(15).
-22
Let n(f) = -f**3 + 132*f**2 + 669*f - 4. Calculate n(-5).
76
Let n(r) = -12*r**3 - 48*r**2 + 55*r - 5. What is n(-5)?
20
Let i(s) = -2090*s - 6256. Determine i(-3).
14
Let n(s) = -5*s**2 + 254*s + 867. Calculate n(54).
3
Let b(y) = 117*y - 12520. Give b(107).
-1
Let g(r) = -4*r**2 - 26. Calculate g(8).
-282
Let m(u) = 10*u - 65. Determine m(-14).
-205
Let k(u) = -u**3 - 31*u**2 - 32*u - 84. Calculate k(-30).
-24
Let q(s) = 22*s**2 - 1494*s - 153. What is q(68)?
-17
Let f(p) = 10*p - 230. Determine f(-15).
-380
Let q(l) = -31*l - 16. Calculate q(1).
-47
Let d(o) = o**3 + 12*o**2 + 3*o - 328. Calculate d(-8).
-96
Let u(r) = r**3 - 4*r**2 - 17*r + 36. Calculate u(8).
156
Let f(i) = 10*i**2 - 287*i + 48. Give f(28).
-148
Let k(l) = 6*l**2 - 6796*l - 6795. Determine k(-1).
7
Let f(z) = 8*z + 177. Calculate f(-36).
-111
Let k(j) = 2*j**3 - 109*j**2 - 405*j + 71. Give k(58).
129
Let i(r) = -1276*r + 5086. Give i(4).
-18
Let c(y) = -y**2 + 159*y + 2474. Calculate c(-15).
-136
Let o(i) = -i**3 - 29*i**2 - 49*i - 586. Determine o(-28).
2
Let y(l) = 128*l - 2954. Determine y(23).
-10
Let c(s) = s**3 - 8*s**2 - 42*s + 200. Calculate c(10).
-20
Let u(j) = j**2 - 260*j + 10806. Give u(52).
-10
Let j(z) = 9*z**2 - 156*z + 76. Determine j(14).
-344
Let h(c) = 2*c**3 + 55*c**2 - 36*c - 175. Calculate h(-28).
49
Let m(y) = -3*y**2 - 68*y - 292. Determine m(-17).
-3
Let l(j) = -294*j - 42328. Give l(-144).
8
Let o(r) = 7*r**2 + 30*r - 11. What is o(4)?
221
Let g(s) = -2*s**3 + 16*s**2 - 12*s + 100. Give g(8).
4
Let c(r) = -r**3 + 9*r**2 + 68*r + 120. What is c(15)?
-210
Let f(u) = -36*u - 519. What is f(-14)?
-15
Let k(g) = -274*g - 5479. What is k(-20)?
1
Let d(n) = -2*n**3 + 57*n**2 + 30*n - 20. Calculate d(29).
9
Let y(j) = 236*j - 5666. Determine y(24).
-2
Let r(g) = 2*g**3 - 9*g**2 + 13*g + 75. Determine r(-2).
-3
Let f(l) = l**2 + 28*l - 1049. Determine f(21).
-20
Let p(i) = i**2 + 8*i + 55. What is p(-4)?
39
Let w(h) = -h**3 - 8*h**2 + 39*h - 90. Calculate w(-12).
18
Let a(w) = 61*w + 32. What is a(1)?
93
Let u(i) = i**3 + 28*i**2 + 50*i + 596. What is u(-27)?
-25
Let i(d) = 2*d**2 + 63*d + 133. Calculate i(-30).
43
Let n(s) = 2*s**2 - 7*s - 147. Give n(-9).
78
Let g(d) = -d**3 - 4*d**2 + 4*d + 52. Give g(0).
52
Let i(s) = 3*s**2 - s - 21. Give i(2).
-11
Let p(n) = 2*n**3 + 53*n**2 + 203*n + 83. Determine p(-22).
-27
Let r(h) = -14*h**2 - 177*h + 45. What is r(-13)?
-20
Let m(u) = -88*u + 790. What is m(9)?
-2
Let t(a) = -303*a**2 - 6*a - 3. What is t(-1)?
-300
Let l(u) = -u**2 + 159*u - 1153. What is l(8)?
55
Let w(h) = -h**2 - h + 248. Calculate w(16).
-24
Let a(m) = -103*m + 1735. Give a(17).
-16
Let t(n) = -n**2 - 2*n + 201. Determine t(13).
6
Let y(s) = 32*s**2 - 7078*s + 1328. Determine y(221).
2
Let m(w) = -2*w**2 - 58*w - 292. Give m(-24).
-52
Let d(k) = k**3 - 28*k**2 + 92*k + 98. Give d(24).
2
Let v(x) = x**3 + 80*x**2 - 242*x + 584. Give v(-83).
3
Let w(u) = -u**2 - 23*u - 133. What is w(-11)?
-1
Let f(h) = 69*h - 2722. Calculate f(40).
38
Let c(y) = 3*y**2 - 228*y + 2376. Calculate c(13).
-81
Let v(p) = 2*p**2 + 570*p - 2905. What is v(5)?
-5
Let z(u) = -u**3 - 13*u**2 + 14*u + 120. Give z(-13).
-62
Let d(q) = -552*q - 12969. Determine d(-24).
279
Let q(g) = 212*g + 619. Calculate q(-3).
-17
Let m(p) = 2*p - 9. What is m(-13)?
-35
Let i(j) = j**3 - 8*j**2 + 4*j - 41. What is i(9)?
76
Let d(f) = -f**3 - 7*f**2 - 8*f + 30. Give d(-5).
20
Let o(t) = t**3 + 79*t**2 + 161*t - 41. Determine o(-77).
-580
Let u(i) = -2*i**2 + 11*i + 12. What is u(9)?
-51
Let k(d) = -d**2 - 11*d + 15. Determine k(-10).
25
Let k(c) = 5*c**2 - 50*c - 169. Calculate k(-5).
206
Let s(y) = -3*y**2 - 30*y + 282. Calculate s(6).
-6
Let f(h) = h**2 - 6*h - 130. What is f(15)?
5
Let i(m) = 2*m**2 - 33*m - 50. Calculate i(18).
4
Let w(p) = -4*p**2 + 33*p + 18. What is w(0)?
18
Let o(w) = -2*w**3 + 8*w**2 + 4*w - 19. What is o(3)?
11
Let w(r) = -4*r**3 + 120*r**2 - 105*r - 28. Give w(29).
291
Let i(c) = -7*c + 139. Calculate i(-4).
167
Let x(g) = 6*g - 224. Determine x(32).
-32
Let b(h) = h**3 + 19*h**2 + 18*h + 13. What is b(-17)?
285
Let o(u) = u**3 + 2*u**2 + 27*u + 64. Give o(0).
64
Let k(z) = -4*z + 126. Determine k(30).
6
Let l(i) = -i + 31. Determine l(-3).
34
Let v(m) = m**3 - 3*m**2 + 61*m - 375. Calculate v(6).
99
Let r(b) = -11*b**2 + 276*b + 1659. Determine r(-5).
4
Let v(x) = 67*x + 20. Determine v(3).
221
Let s(v) = -9*v**2 - 12*v - 7. Determine s(-7).
-364
Let v(b) = -4*b**2 - 253*b + 1325. What is v(5)?
-40
Let r(m) = -2*m**2 + 309*m - 4794. Determine r(137).
1
Let a(k) = -8*k + 7. Give a(3).
-17
Let y(w) = w**2 - 140*w + 4694. Give y(84).
-10
Let o(k) = 9*k - 1419. Calculate o(149).
-78
Let v(c) = 138*c + 411. What is v(-3)?
-3
Let b(x) = 237*x**2 + 2*x + 251. What is b(0)?
251
Let f(i) = -117*i + 1167. Calculate f(10).
-3
Let g(m) = m**3 - 22*m**2 - 47*m - 10. What is g(24)?
14
Let d(z) = -132*z + 1443. Calculate d(11).
-9
Let p(g) = -g**3 + 12*g**2 - 26*g - 42. Give p(5).
3
Let r(t) = 225*t - 4935. What is r(22)?
15
Let r(q) = -41*q + 216. Determine r(5).
11
Let w(g) = -g**3 + 15*g**2 - 36*g + 141. What is w(13)?
11
Let z(b) = -b**2 - 40*b + 342. What is z(8)?
-42
Let b(o) = -o**2 - 16*o + 1229. Determine b(28).
-3
Let n(i) = -14*i**2 + 252*i + 3. Determine n(18).
3
Let b(v) = v**2 - 53*v - 672. Calculate b(64).
32
Let g(a) = 4*a**3 - a + 12. Give g(2).
42
Let d(u) = 68*u + 136. Give d(-2).
0
Let h(y) = -y**3 + 75*y**2 - 7. Determine h(75).
-7
Let d(p) = -p**3 - 15*p - 47. Give d(0).
-47
Let j(n) = 39*n**3 - 2*n**2 - 13*n + 18. Give j(2).
296
Let l(g) = -g**2 + 148*g - 4949. Determine l(51).
-2
Let q(c) = c**3 - 9*c**2 - 20*c + 95. Give q(10).
-5
Let x(i) = -28*i - 94. Determine x(3).
-178
Let q(r) = 25*r**2 + 110*r + 111. Calculate q(-5).
186
Let o(u) = 2*u**3 - 14*u**2 + 2*u - 22. Calculate o(7).
-8
Let k(q) = 344*q**2 - 6*q + 1. Determine k(-1).
351
Let b(y) = -12*y + 33. What is b(3)?
-3
Let w(p) = p**3 + 32*p**2 - 39*p - 205. Calculate w(-33).
-7
Let u(p) = -4*p**2 - 18*p - 66. Calculate u(-10).
-286
Let p(g) = -5*g**2 + 24*g + 254. Determine p(-8).
-258
Let n(x) = x**2 + 13*x - 203. Calculate n(-22).
-5
Let t(q) = q**3 - 30*q**2 + 204*q + 160. Give t(13).
-61
Let a(u) = -u**3 + 2*u**2 - 310*u + 1273. Calculate a(4).
1
Let y(l) = 4*l**2 - 60*l + 8. Calculate y(14).
-48
Let o(q) = -q**2 - 51*q + 3847. What is o(42)?
-59
Let o(h) = 24*h + 413. Give o(-18).
-19
Let v(f) = 3*f**3 + 15*f**2 + 4*f + 25. Determine v(-5).
5
Let m(j) = 6*j**2 + 475*j + 67. Calculate m(-79).
-12
Let h(k) = -4941*k + 128462. Determine h(26).
-4
Let b(q) = q**3 - 57*q**2 - 14*q + 381. Calculate b(57).
-417
Let b(q) = -15*q**2 + 570*q + 42. What is b(38)?
42
Let x(m) = -3174*m + 7. What is x(0)?
7
Let j(r) = -r**2 + 167*r - 3309. What is j(23)?
3
Let h(g) = 21*g - 82. Determine h(9).
107
Let q(v) = v**3 + 54*v**2 + 106*v + 164. Determine q(-52).
60
Let i(p) = -p**3 - 16*p**2 + p - 32. Give i(-15).
-272
Let a(k) = -k**3 - 36*k**2 + 124*k + 242. What is a(-39)?
-31
Let x(t) = 2*t**3 - 126*t**2 - 15*t + 897. Give x(63).
-48
Let f(t) = -27*t - 557. Calculate f(-21).
10
Let d(j) = -11*j**2 - 4*j + 14. Determine d(3).
-97
Let h(g) = -3*g**2 - 54*g + 38. Give h(-17).
89
Let j(z) = z**2 + 47*z - 263. Calculate j(-52).
-3
Let k(y) = -y**2 - 14*y + 439. Determine k(16).
-41
Let j(i) = -i**2 + 179*i + 3139. Determine j(-16).
19
Let l(g) = -482*g - 3859. What is l(-8)?
-3
Let x(b) = 45*b**2 + 4861*b + 107. What is x(-108)?
-1
Let d(c) = -c**2 - 199*c - 587. Calculate d(-3).
1
Let r(i) = -4*i**3 - 6*i**2 + 28*i - 141. Calculate r(6).
-1053
Let w(x) = 19*x + 1146. Calculate w(-59).
25
Let x(h) = -h**2 + 51*h + 678. Determine x(61).
68
Let d(i) = -i**2 - 786*i - 9315. Give d(-12).
-27
Let i(f) = f**3 - 123*f**2 + 817*f - 579. What is i(116)?
1
Let n(z) = z**3 - 3*z**2 - 180*z - 10. What is n(-12)?
-10
Let p(t) = -2276*t - 507549. Give p(-223).
-1
Let a(x) = 9*x**3 - 11*x**2 - 117*x + 338. Determine a(3).
131
Let y(g) = g**3 + 20*g**2 + 375*g + 7504. Calculate y(-20).
4
Let u(d) = -1582*d + 14242. Calculate u(9).
4
Let j(t) = -t**2 - 7*t + 15. Calculate j(-14).
-83
Let f(t) = 22*t - 458. Calculate f(21).
4
Let l(a) = a**3 - 7*a**2 - 12*a + 22. Give l(8)